0100001?
-110100011010
In base 3, what is 11220011 - -1201101?
20121112
In base 14, what is 0 + -6470?
-6470
In base 16, what is -46f + -dc?
-54b
In base 10, what is -3 - 11755?
-11758
In base 3, what is 1 + -120200122021?
-120200122020
In base 7, what is 546402 - -5?
546410
In base 10, what is 1 - -714723?
714724
In base 3, what is -10112021021 - -10?
-10112021011
In base 15, what is 5 - -6931?
6936
In base 11, what is -32142 + 6?
-32137
In base 5, what is -13040200 + -4?
-13040204
In base 16, what is -5 + -61b4?
-61b9
In base 2, what is 1000 + 100111001?
101000001
In base 10, what is -5 - -5546?
5541
In base 10, what is -1 - 260276?
-260277
In base 9, what is 12 - 16666?
-16654
In base 16, what is 62b - 0?
62b
In base 2, what is -110100 - -11010100101?
11001110001
In base 8, what is 6 - -45343?
45351
In base 6, what is -10213 + -414?
-11031
In base 16, what is 180c - a?
1802
In base 3, what is 2101 - 22011?
-12210
In base 7, what is -6152 - 103?
-6255
In base 10, what is 2536225 - 2?
2536223
In base 13, what is -c + -5917?
-5926
In base 10, what is 1 + -20532?
-20531
In base 5, what is -24033 - 2411?
-31444
In base 6, what is 252144 + -14?
252130
In base 7, what is -44051626 - 3?
-44051632
In base 15, what is 6a8 + -1?
6a7
In base 15, what is 5 - -7721e?
77224
In base 2, what is -100 + 11100011001100010010?
11100011001100001110
In base 10, what is 2 + 125356?
125358
In base 14, what is -23 - -16a?
147
In base 15, what is 17 + b3a?
b52
In base 7, what is -5432 + -3665?
-12430
In base 8, what is 10 - 4102?
-4072
In base 7, what is 3310413 + 4?
3310420
In base 10, what is -3 - 81730?
-81733
In base 11, what is -37523 - -4?
-3751a
In base 7, what is -141 - -5515?
5344
In base 6, what is 32242 - -53?
32335
In base 8, what is -2 + -2022641?
-2022643
In base 6, what is -213 + -113241?
-113454
In base 3, what is 112012221112 + -110?
112012221002
In base 12, what is -1046a - -a?
-10460
In base 2, what is 11000110011 - 11010001?
10101100010
In base 4, what is 122333 + 1?
123000
In base 7, what is 135 - -4440?
4605
In base 15, what is -1 - -2549?
2548
In base 15, what is -54d9 - -4?
-54d5
In base 14, what is -3 - 6067?
-606a
In base 10, what is 4722 + 3?
4725
In base 12, what is 11 - -9483?
9494
In base 2, what is -101010000010101 + 11011110?
-101001100110111
In base 9, what is 0 - -8047?
8047
In base 14, what is 179c - -dd?
189b
In base 12, what is -3 + -6727?
-672a
In base 11, what is 6a35 + 5?
6a3a
In base 6, what is -214 - 1?
-215
In base 7, what is 420365 - 3?
420362
In base 8, what is 5 - -732066?
732073
In base 11, what is -712029 - 3?
-712031
In base 8, what is 2 + 72246?
72250
In base 10, what is -2347504 - 4?
-2347508
In base 12, what is -469 + 7a3?
336
In base 10, what is 641 + 142?
783
In base 9, what is 31831 - 10?
31821
In base 16, what is -1 - -492d?
492c
In base 15, what is -1795 + -85?
-182a
In base 14, what is 767a + -4?
7676
In base 2, what is 1011011010100110 - -100?
1011011010101010
In base 8, what is 124 + -34113?
-33767
In base 5, what is -13 - -1032000?
1031432
In base 16, what is -dee49 - -2?
-dee47
In base 9, what is -108322 + 5?
-108316
In base 16, what is e0 + -151?
-71
In base 12, what is -9 + 645?
638
In base 9, what is 4 - -11264?
11268
In base 9, what is -3 + 346883?
346880
In base 6, what is 30 - 4250041?
-4250011
In base 11, what is -13a - 301?
-440
In base 9, what is 11781 + 0?
11781
In base 2, what is 10110001101 - 1111001?
10100010100
In base 15, what is 3 + -3ca6?
-3ca3
In base 8, what is -640 - 24?
-664
In base 3, what is 110120 - 1000202?
-120012
In base 15, what is 4e4 + 0?
4e4
In base 5, what is 31313204 - 0?
31313204
In base 3, what is 1022 - 221000112?
-220222020
In base 5, what is -12 + -4200440?
-4201002
In base 6, what is -1154 - -114053?
112455
In base 6, what is -14142402 - -2?
-14142400
In base 9, what is 44287 + -11?
44276
In base 13, what is -b + 6382?
6374
In base 7, what is 3106 - 143?
2633
In base 3, what is -2001 + 101021020?
101012012
In base 4, what is 1303 + 2201?
10110
In base 2, what is 10100101101 - -11110?
10101001011
In base 8, what is 111 - 23301?
-23170
In base 6, what is -52 - 1414?
-1510
In base 3, what is 1221220 + -10200?
1211020
In base 2, what is -101 - 100111011001?
-100111011110
In base 3, what is -11 - -1202102021201?
1202102021120
In base 5, what is 200003 + 20?
200023
In base 9, what is 0 - 80248?
-80248
In base 9, what is -2004112 + 0?
-2004112
In base 8, what is 205407 - 4?
205403
In base 3, what is -111 - -102200212?
102200101
In base 14, what is -3 + -a814?
-a817
In base 13, what is -84346 + 0?
-84346
In base 8, what is 1154402 - 4?
1154376
In base 14, what is 1159 - 3?
1156
In base 7, what is -2346065 + 5?
-2346060
In base 16, what is 62c + 1b?
647
In base 7, what is 403 - -1536?
2242
In base 5, what is -20 + 234211?
234141
In base 5, what is -1001340121 + -2?
-1001340123
In base 9, what is -11747 + 11?
-11736
In base 3, what is -11212 - 1002100001?
-1002111220
In base 11, what is -10 - 1538?
-1548
In base 13, what is -35 - 3b0?
-415
In base 7, what is -3 + 30045?
30042
In base 9, what is -8103 - -4?
-8088
In base 5, what is -23044 - -31?
-23013
In base 11, what is -1aa40 + 10?
-1aa30
In base 3, what is 1020 - 10201112?
-10200022
In base 12, what is 30b6a2 + -4?
30b69a
In base 8, what is 50 + 4060?
4130
In base 16, what is -1 + -941?
-942
In base 11, what is 49072 - 0?
49072
In base 9, what is 2 - -11616?
11618
In base 8, what is 101456 + 0?
101456
In base 10, what is -3 + -73032?
-73035
In base 4, what is 1 + 1000211132?
1000211133
In base 16, what is -1b - -c3?
a8
In base 8, what is 35 - -54476?
54533
In base 13, what is -2 + bb17?
bb15
In base 14, what is -c - 8010?
-801c
In base 7, what is 355 - 116?
236
In base 3, what is 2022 + -122021?
-112222
In base 5, what is -200434323 - 4?
-200434332
In base 15, what is 35 - 6c?
-37
In base 5, what is -33112 + -20?
-33132
In base 4, what is -1233023 - -133?
-1232230
In base 7, what is 234 - 1644?
-1410
In base 2, what is -10001010100011111000001 - 1?
-10001010100011111000010
In base 16, what is 5 - 1a008?
-1a003
In base 11, what is 9 + -17673?
-17665
In base 12, what is 2368117 + 0?
2368117
In base 7, what is 3313 + 135?
3451
In base 8, what is 2 + 12074?
12076
In base 3, what is -2021 + 212021?
210000
In base 12, what is b121 - -4?
b125
In base 14, what is 36b7 + -10?
36a7
In base 6, what is 5101 - -122?
5223
In base 6, what is -31403 + 233?
-31130
In base 12, what is -392 - -313?
-7b
In base 7, what is 6 - -62600?
62606
In base 8, what is 4 + 120132?
120136
In base 15, what is 375a - 0?
375a
In base 16, what is -2 - -db7d?
db7b
In base 11, what is -69863a + -2?
-698641
In base 9, what is 4 - -17541?
17545
In base 13, what is -6 + 5312?
5309
In base 2, what is 101010110 + -11001?
100111101
In base 2, what is 1001101 - -1010101000?
1011110101
In base 11, what is 69771 + 3?
69774
In base 12, what is -84 + -128a8?
-12970
In base 8, what is 241 - -67?
330
In base 10, what is -5 + -9429?
-9434
In base 9, what is 0 - 2333036?
-2333036
In base 15, what is b818 - 12?
b806
In base 9, what is 0 + -60207?
-60207
In base 8, what is 120443 + -27?
120414
In base 15, what is 94 + 790?
834
In base 15, what is -4 + 1981b6?
1981b2
In base 9, what is -723 - -137?
-575
In base 13, what is 3a - 7c3a?
-7c00
In base 16, what is -16e6ba - 5?
-16e6bf
In base 2, what is -11 + -111101011010?
-111101011101
In base 5, what is 2 + 2031?
2033
In base 9, what is -146 + 32?
-114
In base 5, what is -431231 + 211?
-431020
In base 4, what is -13 + 300132121?
300132102
In base 9, what is 2525236 + 1?
2525237
In base 12, what is -197bb0 + 1?
-197bab
In base 7, what is -264 - 40255?
-40552
In base 2, what is -111001100010100110 + 1?
-111001100010100101
In base 3, what is -1201 - 1102201101?
-1102210002
In base 6, what is -15 - -333132?
333113
In base 10, what is -60787 + 1?
-60786
In base 8, what is -5 + 230670?
230663
In base 10, what is -3549 - -37?
-3512
In base 14, what is 900 - -a6?
9a6
In base 9, what is -2518 - -125?
-2383
In base 2, what is 100100011110 + 11?
100100100001
In base 12, what is 581bb8 + 4?
582000
In base 7, what is -142631 - 34?
-142665
In base 16, what is 39 - 133?
-fa
In base 6, what is 352 + 41215?
42011
In base 13, what is -2768 + -2